Let h(j) = -j**3 + 5*j**2 + 6*j - 13. Calculate h(w).
-13
Let o(w) be the first derivative of -w**4/3 + 15*w**2/2 - 13. Let r(h) be the second derivative of o(h). Calculate r(-1).
8
Let m(c) = -6*c**3 - 192*c**2 + 2*c + 66. Let n be m(-32). Let g(f) be the first derivative of f**3 + f**2/2 - 2*f + 1. Determine g(n).
12
Suppose 0*h - 11 = -h - 2*b, 5*h + 4*b - 43 = 0. Let i(q) = -h*q + 0 + 1 + q**2 + 0 + 0. Suppose 25 = -0*x + 5*x. Give i(x).
-9
Let v(m) be the second derivative of -m**3/6 - 9*m**2/2 - 33*m + 2. Give v(-7).
-2
Let k(v) = -63*v**2 + 52*v**2 + 10*v**2 + 3*v + 3. Determine k(4).
-1
Let d(w) = -w - 105 + 13*w + 56 + 65. Determine d(-2).
-8
Let z(d) = d**3 - 3*d**2 - 4*d - 5. Let x be (-10*3/(-6))/(20/16). What is z(x)?
-5
Suppose -6*m = -10*m + 8. Suppose 5*a = -m + 12. Let z(j) = 0 - 5 - a*j + 4*j - 1. Give z(5).
4
Suppose -4*q = -43*q + 195. Let z(w) = -5*w + 4. Suppose -4 = m + 3*m. Let c(y) = y - 1. Let k(l) = m*z(l) - 2*c(l). Give k(q).
13
Let g(a) be the third derivative of -a**6/120 - a**5/30 + a**4/8 + a**3/2 - 3*a**2 - 2. Calculate g(-2).
-3
Let v(t) = 7*t**2 - 5*t. Let r be -8 + 9 - (54/3)/3. Let a(z) = -z**2 + z. Let d(l) = r*a(l) - v(l). What is d(-1)?
-2
Let a(u) = -15*u**3 - 12*u**2 + 33*u + 39. Let l(w) = 7*w**3 + 6*w**2 - 16*w - 19. Let p(j) = -6*a(j) - 13*l(j). Calculate p(-7).
-8
Let h(j) be the third derivative of 0 - 2/15*j**6 + 0*j**3 - 10*j**2 + 0*j - 1/30*j**5 - 1/24*j**4. What is h(-1)?
15
Let l(i) = -4*i**3 - 2*i + 1. Let r be ((-1)/2)/(5/(-110)) + -2. Suppose -11 = -r*o - 2. Determine l(o).
-5
Let j(h) be the third derivative of -h**6/120 + 11*h**5/60 - 5*h**4/12 - h**3/6 - h**2. Let n be -4*14/(140/(-25)). Give j(n).
-1
Let a be 45/30 + ((-5)/(-2) - 3). Let w(v) = -46*v - 1. Determine w(a).
-47
Let z(y) = y**3 + y. Let s(t) = -4*t**3 + t + 3. Let w(k) = s(k) + 2*z(k). Calculate w(-2).
13
Let x(j) = 3*j - 37. Let h be x(13). Let z(b) be the first derivative of b**2/2 + b - 1. Let r be z(h). Let f(i) = 2*i - 4. Determine f(r).
2
Let z(g) be the first derivative of -g**4/4 + g**3 + g**2 + 2*g - 282. Suppose 5*b - 10 = 0, 5*p = -b + 2*b + 13. Determine z(p).
8
Let f(h) be the second derivative of -h**5/20 + 5*h**4/12 + h**3 + 4*h**2 - 3*h. Let q = 47 - 44. Suppose 16 = q*k + 2*i, k + 0*k - 9 = 3*i. Calculate f(k).
8
Let w(i) = i**3 + i**2 - 7*i + 5. Let d be w(-4). Let x(f) = f + 15. Calculate x(d).
0
Let l(h) = -45*h**3 - 3 - 8*h + 46*h**3 + 5*h**2 + 10*h. What is l(-4)?
5
Let g(c) be the second derivative of c**5/10 - c**4/4 + c**3/6 + c**2 + c. Let v = -40 - -68. Let r be (16/v)/((-2)/(-7))*1. Give g(r).
8
Let t(u) = -u**3 - u**2 + u - 1. Let m(f) = -8*f + 18. Let g be m(-7). Let b = g - 73. Calculate t(b).
-2
Suppose -47 + 50 = -3*c. Let n be -6 + -1 + (3 - c). Let i(g) = -5*g - 4. Give i(n).
11
Let s(n) = 12*n - 36. Let g be s(3). Let f(d) = -d**3 - 2*d**2 - 3. Determine f(g).
-3
Let b(l) = 35*l - 98. Let z be b(3). Let r(a) = -2*a**2 + 13*a + 7. Calculate r(z).
0
Let u be -19 - -20 - 0/(-1). Let j = u - -2. Let b(q) = 0*q + q**j + 4*q**2 + 4*q - 5*q + 0*q**3. Give b(-4).
4
Let x(v) = -4. Let f(t) = t + 1. Let j(p) = -f(p) - x(p). Suppose 0 = -4*a + 5*m + 5, 4*m = 12. Suppose -a*r + 6 = -u, 3*u = r + 10 - 0. Calculate j(u).
-1
Suppose 57 = -3*w - 33. Let d = w + 27. Let j(l) = l**2 + l - 3. Determine j(d).
3
Let r(d) be the second derivative of 7*d**5/10 + d**3/6 + d**2/2 - 38*d - 1. What is r(-1)?
-14
Suppose 8*r - 5*r = -q - 17, -3*r - 3*q = 27. Let h be (-40)/(-4) + r - (1 - -2). Let n(g) = g**2 - 5*g + 4. Determine n(h).
-2
Suppose 17*q - 155 + 342 = 0. Let j(p) = p**3 + 10*p**2 - 11*p - 2. What is j(q)?
-2
Let m(z) = 4*z**3 + 7*z**2 + 5*z - 30. Let l(t) = 7*t**3 + 14*t**2 + 11*t - 58. Let y(r) = -5*l(r) + 9*m(r). Calculate y(8).
4
Let r(f) = -2*f**2 - 56*f + 54. Let m be r(-29). Let x(l) = l**3 + 3*l**2 - 2*l - 1. Give x(m).
-9
Let p(f) = -8*f**2 - 6*f + 4. Let n(r) = 17*r**2 + 13*r - 11. Let g(l) = -2*n(l) - 5*p(l). What is g(-1)?
4
Let l(j) be the first derivative of j**4/4 + 3*j**3 + 6*j - 93. What is l(-9)?
6
Let v be 2/1*2 + -28. Let g = -28 - v. Let i(k) = k**2 + 5*k + 6. Give i(g).
2
Let a = -33 - -11. Let r = -17 - a. Let m(y) = -2*y**2 - y - 4 + 3*y**2 - y. Determine m(r).
11
Suppose 0 = 9*m + 23 - 68. Let l(j) = j**2 - 8*j - 2. What is l(m)?
-17
Let h(x) = x**2 + x - 6. Let p be 32/12*(-3)/(-2). Suppose 2*m - m = -4*i + 2, i = 2*m - p. What is h(i)?
-6
Let r(z) = -z**3 - 2*z**2 - 5. Let i be r(0). Let d(n) = 3*n**3 - n. Let l be d(1). Let u(j) = -3*j + 4*j**2 + 2*j**l + 3 - 3*j**2 - 4*j**2. Calculate u(i).
-7
Suppose n = -2*b + 4*b - 9, -2*b = n - 19. Let r(w) = 11*w**2 + w + 17. Let f(d) = -5*d**2 + 2*d + 7 + 2*d - 15 - 5*d. Let i(s) = 13*f(s) + 6*r(s). Give i(b).
-2
Let d be (-79 - -77)*(1 - 9/6). Let t(p) = -27*p**2. What is t(d)?
-27
Let r = -57 + 60. Let f(s) be the first derivative of 5/2*s**4 - 2/3*s**r + 0*s - 1/2*s**2 - 5. What is f(-1)?
-11
Let a(i) = -6*i + 1. Let t(r) = r**2 - 1. Let b(q) = -q**3 - 9*q**2 + 4. Suppose -6 = 3*s - s. Let u(c) = s*t(c) - b(c). Let z be u(-6). Calculate a(z).
7
Let j(p) = -5*p + p**2 + 0 + 0 - 2. Let v = 1189 + -1182. Give j(v).
12
Let f = 18 + -22. Let d be -6 - 2*6/f. Let s(r) = -r**2 - 7*r. What is s(d)?
12
Let f = -125 + 228. Let w = -100 + f. Let v(q) = 8*q - 4. What is v(w)?
20
Let l(j) = 2*j - 3. Let d be 36/15*30/(-9). What is l(d)?
-19
Let y(s) = -s**2 + 10*s - 1. Suppose -2*o = -48 - 78. Suppose -6*i = -13*i + o. What is y(i)?
8
Suppose 87*y = 86*y + 4. Suppose -d - 1 - y = 0. Let l(r) = r**2 + 6*r + 3. Give l(d).
-2
Let t(f) = -f + 8. Suppose 3 - 13 = -5*a. Suppose -6*l - 34 = 5*y - 5*l, a*y + 18 = 4*l. Let w = 7 + y. Give t(w).
8
Let g(b) = -b**2 + 6*b - 7. Let k(h) = -h + 3. Let z be k(10). Let o = z - -8. Let p be ((-10)/(-12))/(o/6). What is g(p)?
-2
Let z be 1/(-1 + 11/10). Let k(f) = f - 4 + 24 + 0*f - z. Determine k(-7).
3
Let g(k) = -14*k + 11. Let n(o) = 22*o - 18. Let f(a) = 8*g(a) + 5*n(a). Let v(q) = q**3 + 11. Let r be v(0). Let j = r - 5. Give f(j).
-14
Let r be (90/(-24))/5 + 127/4. Let q(z) = r - 10*z + z**2 + 44 - 67. Calculate q(9).
-1
Let z(d) = -3*d**2 - 5*d + 16. Let j(y) = 4*y**2 + 8*y - 15. Let g(a) = -2*j(a) - 3*z(a). Calculate g(-6).
24
Let y(s) = -413*s**2 + 834*s**2 - 422*s**2 - 7 - 8*s. What is y(-5)?
8
Let c(m) = -m**2 + 5*m - 4. Let g = 24 + -21. Suppose -22*f = -19*f + g. Let t(k) = -k**2 + k - 1. Let b(j) = f*c(j) + 4*t(j). What is b(-1)?
-2
Let g(r) = -r + 7. Let h be g(5). Let t(c) = 5*c**3 - 2*c**2 - 2*c - 3. Let z(p) = -28*p**3 + 11*p**2 + 12*p + 16. Let f(q) = -11*t(q) - 2*z(q). What is f(h)?
5
Let s(q) be the first derivative of 2*q**3 - q**2 - q - 47. Determine s(-1).
7
Let j(q) = 0*q**3 - 2 + 830*q**2 + 4*q - 827*q**2 - q**3. Suppose 5*m - 6 = -5*n + 4, 3*m - 22 = 5*n. Give j(m).
-2
Let m(l) = l**3 - 8*l**2 + 4*l + 23. Let o be m(7). Let n(y) be the first derivative of -1/2*y**o + 1 - 10*y. What is n(-7)?
-3
Suppose -2*m - h = 2*h - 18, -2*m + h = -34. Suppose -4*j + 3*z = 5, 0*j + 4*z = j - m. Let k(l) = 4*l - 13 + 10 + 8. Calculate k(j).
-15
Let s(w) = 11*w**2 - 38*w + 8. Let o(c) = -10*c**2 + 30*c - 7. Let j(b) = 5*o(b) + 4*s(b). Calculate j(-2).
-23
Let b(y) = -y**2 - 3*y - 1. Let g be b(-2). Let s(r) = 5*r**2 - 1. What is s(g)?
4
Let q(z) be the second derivative of -z**6/120 - z**5/60 - 2*z**3/3 - 6*z**2 - 11*z. Let c(w) be the first derivative of q(w). Determine c(0).
-4
Let m(v) = v**2 - 2*v. Let z(d) = -d**2 + 2*d. Let k(l) = -3*m(l) - 4*z(l). Let c = -1120 - -1123. Determine k(c).
3
Let o(p) = 2*p**3 + 13*p**2 - 7*p - 13. Let j(d) = d**3 + 6*d**2 - 3*d - 6. Let r(m) = 7*j(m) - 3*o(m). Suppose 6 = 2*n - 0. Let x = -6 + n. Determine r(x).
-3
Let c(s) be the second derivative of s**5/20 + 5*s**4/12 + 2*s**3/3 + 19*s - 2. Calculate c(-4).
0
Suppose -4*g - 2 = -5*x, 0 = -x - 0*g + 2*g - 2. Suppose 0*z - z + 7 = t, -2*t + x = -z. Let p(o) be the first derivative of -o**2 + o + 7. What is p(t)?
-5
Let i = -3235 - -3238. Suppose g = -3*g. Let q(f) = -f**2 + f + 0 - 3 + g. Calculate q(i).
-9
Suppose -5*l - 33 = 17. Let d(n) = -n - 4. What is d(l)?
6
Let g(w) = -22*w - 13. Let i be g(2). Let r = -54 - i. Let y(q) = q**2 - 2*q - 1. Give y(r).
2
Let i(s) = s + 6. Let z be ((-17)/34)/(13/4 + -3).